{"id":138,"date":"2014-05-31T18:11:05","date_gmt":"2014-05-31T18:11:05","guid":{"rendered":"http:\/\/demo.themegrill.com\/accelerate\/?page_id=138"},"modified":"2024-11-28T16:00:38","modified_gmt":"2024-11-28T15:00:38","slug":"avis-valerie-huyghe","status":"publish","type":"page","link":"https:\/\/valeriehuyghe.com\/?page_id=138","title":{"rendered":"Quelques avis et recommandations"},"content":{"rendered":"<p class=\"paragraph ng-attr-widget\">\n\n\n<p>Avis et recommandations<\/p>\n\n\n\n<p><br><em>\u00ab\u00a0J\u2019ai consult\u00e9 Val\u00e9rie <strong>pour une angoisse que je pensais contextuelle,<\/strong> mais elle m\u2019a aid\u00e9e \u00e0 en comprendre les racines plus profondes. C\u2019est une praticienne tr\u00e8s \u00e0 l\u2019\u00e9coute, douce, qui prend le temps avec vous &#8211; que ce soit dans l\u2019explication, le suivi pendant la s\u00e9ance, et l\u2019empathie. Et d\u2019ailleurs, depuis que j\u2019ai effectu\u00e9 cette s\u00e9ance d&rsquo;<a href=\"https:\/\/valeriehuyghe.com\/?page_id=386\" target=\"_blank\" rel=\"noreferrer noopener\">EFT,<\/a> <strong><mark style=\"background-color:rgba(0, 0, 0, 0)\" class=\"has-inline-color has-luminous-vivid-orange-color\">mon angoisse est compl\u00e8tement pass\u00e9e et j\u2019ai r\u00e9ussi \u00e0 surmonter de nombreux obstacles qui m\u2019emp\u00eachaient de progresser.<\/mark><\/strong> Je recommande Val\u00e9rie les yeux ferm\u00e9s ! <\/em>\u00a0\u00bb <strong>Louise B<\/strong>.<\/p>\n\n\n\n<p><em>\u00ab\u00a0Je recommande ce praticien car j\u2019ai eu quelques s\u00e9ances d\u2019<a href=\"https:\/\/valeriehuyghe.com\/?page_id=387\" target=\"_blank\" rel=\"noreferrer noopener\">hypnose<\/a> \u00e0 cause d\u2019un Traumatisme que je subissais depuis 8 ans. Madame HUYGHE a <strong><mark style=\"background-color:rgba(0, 0, 0, 0)\" class=\"has-inline-color has-luminous-vivid-orange-color\">su avec tact m\u2019aider \u00e0 retrouver une vie sereine et apais\u00e9e<\/mark><\/strong> que je n\u2019avais plus depuis toutes ces ann\u00e9es. Je la remercie du fond du c\u0153ur, car <strong>je me sens libre \u00e0 nouveau.<\/strong> Je la recommanderai \u00e0 quelques amies, afin qu\u2019elles puissent aussi retrouver l&rsquo;apaisement. Je lui dis tout simplement Merci \u00ab\u00a0.<\/em> <strong>Maryam M.<\/strong><\/p>\n\n\n\n<p><em>\u00ab\u00a0Je me suis sentie tout de suite en confiance et \u00e9cout\u00e9e. Les techniques utilis\u00e9es ont \u00e9t\u00e9 tr\u00e8s efficaces puisque <strong><mark style=\"background-color:rgba(0, 0, 0, 0)\" class=\"has-inline-color has-luminous-vivid-orange-color\">j&rsquo;ai pu en toute s\u00e9r\u00e9nit\u00e9 avancer l\u00e0 o\u00f9 j&rsquo;\u00e9tais bloqu\u00e9e<\/mark><\/strong>. j&rsquo;ai aussi beaucoup appr\u00e9ci\u00e9 l&rsquo;appel de suivi post consultation. Une th\u00e9rapeute douce, \u00e0 l&rsquo;\u00e9coute, tr\u00e8s professionnelle que je recommande vivement\u00a0\u00bb. <\/em><strong>Christine D<\/strong>.<\/p>\n\n\n\n<p>\u00ab\u00a0<em>Mes s\u00e9ances avec Val\u00e9rie m&rsquo;ont aid\u00e9e \u00e0 avancer sur <strong><mark style=\"background-color:rgba(0, 0, 0, 0)\" class=\"has-inline-color has-luminous-vivid-orange-color\">un sujet qui me bloquait dans de la col\u00e8re depuis plusieurs ann\u00e9es.<\/mark><\/strong> Son analyse et ses questions m&rsquo;ont permis de voir les choses sous un nouvel angle et d\u00e9passer ce blocage. Val\u00e9rie est tr\u00e8s enveloppante et douce dans son approche cela m&rsquo;a beaucoup rassur\u00e9e d\u00e8s le d\u00e9but de ma th\u00e9rapie. Je vous la conseille vivement<\/em>\u00ab\u00a0. <strong>Emmanuelle M<\/strong>.<\/p>\n\n\n\n<p>\u00ab\u00a0<em>Val\u00e9rie est une personne g\u00e9n\u00e9reuse, bienveillante et dot\u00e9e d&rsquo;une grande sensibilit\u00e9 \u00e9motionnelle. Avec sa voix tr\u00e8s douce, son \u00e9coute active et son enthousiasme naturel, vous \u00eates directement \u00e0 l&rsquo;aise et en confiance. On peut discuter de tout sans se sentir jug\u00e9. Avec la combinaison de ces diff\u00e9rents outils th\u00e9rapeutiques (<a href=\"https:\/\/valeriehuyghe.com\/?page_id=386\" target=\"_blank\" rel=\"noreferrer noopener\">EFT,<\/a> <a href=\"https:\/\/valeriehuyghe.com\/?page_id=387\" target=\"_blank\" rel=\"noreferrer noopener\">hypnose<\/a>&#8230;), <strong><mark style=\"background-color:rgba(0, 0, 0, 0)\" class=\"has-inline-color has-luminous-vivid-orange-color\">Val\u00e9rie saura vous accompagner au mieux dans la r\u00e9silience de vos blessures psychiques<\/mark><mark style=\"background-color:rgba(0, 0, 0, 0)\" class=\"has-inline-color has-vivid-green-cyan-color\">. <\/mark><\/strong>Je la recommande chaleureusement !<\/em> \u00a0\u00bb <strong>Cloelia P.<\/strong><\/p>\n\n\n\n<p>\u00ab\u00a0<em>Je recommande vivement Val\u00e9rie. Bienveillante, j&rsquo;ai beaucoup appr\u00e9ci\u00e9 son approche tr\u00e8s respectueuse. Tr\u00e8s \u00e0 l&rsquo;\u00e9coute, elle m&rsquo;a aid\u00e9 \u00e0 surmonter un \u00e9v\u00e9nement difficile en pratiquant de l&rsquo;<a href=\"https:\/\/valeriehuyghe.com\/?page_id=386\" target=\"_blank\" rel=\"noreferrer noopener\">EFT<\/a>. <strong><mark style=\"background-color:rgba(0, 0, 0, 0)\" class=\"has-inline-color has-luminous-vivid-orange-color\">En mettant en lumi\u00e8re mes ressources, elle m&rsquo;a aid\u00e9 \u00e0 me lib\u00e9rer de certaines tensions et id\u00e9es pr\u00e9con\u00e7ues<\/mark><\/strong>. Je me suis sentie tr\u00e8s bien accompagn\u00e9e et soutenue\u00a0\u00bb.<\/em> <strong>Anne I<\/strong>.<\/p>\n\n\n\n<p><em>\u00ab\u00a0J&rsquo;ai consult\u00e9 Val\u00e9rie Huyghe pour m&rsquo;aider \u00e0 surmonter une appr\u00e9hension importante dans le cadre de la pr\u00e9paration \u00e0 une \u00e9preuve sportive de haut niveau. Ceci se manifestait par un blocage que je ne parvenais pas \u00e0 d\u00e9passer malgr\u00e9 les conseils de mes coachs sportifs. <strong><mark style=\"background-color:rgba(0, 0, 0, 0)\" class=\"has-inline-color has-luminous-vivid-orange-color\">En seulement deux s\u00e9ances, la peur tr\u00e8s handicapante qui&nbsp; se manifestait \u00e0 moment sp\u00e9cifique de ma pratique sportive a compl\u00e8tement disparu.<\/mark><\/strong> J&rsquo;ai r\u00e9alis\u00e9 qu&rsquo;une grande frayeur de ma petite enfance en \u00e9tait \u00e0 la source et c&rsquo;est ce que l&rsquo;<a href=\"https:\/\/valeriehuyghe.com\/?page_id=386\">EFT <\/a>et l&rsquo;hypnose ont permis de compl\u00e8tement d\u00e9passer.&nbsp; &nbsp;Les r\u00e9sultats sont vraiment impressionnants et durables. Si je devais regretter quelque chose, ce serait de ne pas \u00eatre venu plus t\u00f4t ! <\/em><strong>Loic L<\/strong>.<\/p>\n\n\n\n<p><a href=\"https:\/\/ifpec.org\/jean-michel-gurret-eft\/\"><strong>JEAN-MICHEL GURRET<\/strong>, fondateur de l&rsquo;IFPE<\/a><a href=\"https:\/\/ifpec.org\/jean-michel-gurret-eft\/\" target=\"_blank\" rel=\"noreferrer noopener\">C<\/a><\/p>\n\n\n\n<p>\u00ab\u00a0<em>Val\u00e9rie est une professionnelle de la sant\u00e9 mentale attentive et respectueuse des personnes qu&rsquo;elle accompagne. <strong>Elle ma\u00eetrise des outils d&rsquo;accompagnement particuli\u00e8rement efficaces <\/strong>et elle aura \u00e0 c\u0153ur de vous les partager. Je vous encourage \u00e0 consulter cette th\u00e9rapeute bienveillante et respectueuse de qui vous \u00eates\u00a0\u00bb.<\/em><\/p>\n\n\n\n<figure class=\"wp-block-image size-large is-resized\"><img loading=\"lazy\" decoding=\"async\" width=\"1024\" height=\"163\" src=\"http:\/\/valeriehuyghe.com\/wp-content\/uploads\/2024\/11\/visages-site-valerie-HUYGHE-1024x163.png\" alt=\"\" class=\"wp-image-594\" style=\"width:1101px;height:auto\" srcset=\"https:\/\/valeriehuyghe.com\/wp-content\/uploads\/2024\/11\/visages-site-valerie-HUYGHE-1024x163.png 1024w, https:\/\/valeriehuyghe.com\/wp-content\/uploads\/2024\/11\/visages-site-valerie-HUYGHE-300x48.png 300w, https:\/\/valeriehuyghe.com\/wp-content\/uploads\/2024\/11\/visages-site-valerie-HUYGHE-768x122.png 768w, https:\/\/valeriehuyghe.com\/wp-content\/uploads\/2024\/11\/visages-site-valerie-HUYGHE-1536x244.png 1536w, https:\/\/valeriehuyghe.com\/wp-content\/uploads\/2024\/11\/visages-site-valerie-HUYGHE.png 1931w\" sizes=\"auto, (max-width: 1024px) 100vw, 1024px\" \/><\/figure>\n\n\n\n<p><\/p>\n","protected":false},"excerpt":{"rendered":"<p>Avis et recommandations \u00ab\u00a0J\u2019ai consult\u00e9 Val\u00e9rie pour une angoisse que je pensais contextuelle, mais elle m\u2019a aid\u00e9e \u00e0 en comprendre les racines plus profondes. C\u2019est une praticienne tr\u00e8s \u00e0 l\u2019\u00e9coute, douce, qui prend le temps avec vous &#8211; que ce<\/p>\n","protected":false},"author":1,"featured_media":0,"parent":0,"menu_order":0,"comment_status":"closed","ping_status":"closed","template":"","meta":{"footnotes":""},"class_list":["post-138","page","type-page","status-publish","hentry"],"yoast_head":"<!-- This site is optimized with the Yoast SEO plugin v23.9 - https:\/\/yoast.com\/wordpress\/plugins\/seo\/ -->\n<title>Avis Val\u00e9rie Huyghe - Quelques avis et recommandations - Val\u00e9rie HUYGHE - Hypnoth\u00e9rapeute \u00e0 la Celle-saint-Cloud<\/title>\n<meta name=\"description\" content=\"Avis Val\u00e9rie Huyghe - R\u00e9solution peurs, angoisses, traumatismes - Lib\u00e9ration \u00e9motionnelle - Th\u00e9rapies br\u00e8ves - EFT - EMDR - Hypnose\" \/>\n<meta name=\"robots\" content=\"index, follow, max-snippet:-1, max-image-preview:large, max-video-preview:-1\" \/>\n<link rel=\"canonical\" href=\"https:\/\/valeriehuyghe.com\/?page_id=138\" \/>\n<meta property=\"og:locale\" content=\"fr_FR\" \/>\n<meta property=\"og:type\" content=\"article\" \/>\n<meta property=\"og:title\" content=\"Avis Val\u00e9rie Huyghe - Quelques avis et recommandations - Val\u00e9rie HUYGHE - Hypnoth\u00e9rapeute \u00e0 la Celle-saint-Cloud\" \/>\n<meta property=\"og:description\" content=\"Avis Val\u00e9rie Huyghe - R\u00e9solution peurs, angoisses, traumatismes - Lib\u00e9ration \u00e9motionnelle - Th\u00e9rapies br\u00e8ves - EFT - EMDR - Hypnose\" \/>\n<meta property=\"og:url\" content=\"https:\/\/valeriehuyghe.com\/?page_id=138\" \/>\n<meta property=\"og:site_name\" content=\"Val\u00e9rie HUYGHE - Hypnoth\u00e9rapeute \u00e0 la Celle-saint-Cloud\" \/>\n<meta property=\"article:modified_time\" content=\"2024-11-28T15:00:38+00:00\" \/>\n<meta property=\"og:image\" content=\"https:\/\/valeriehuyghe.com\/wp-content\/uploads\/2024\/11\/visages-site-valerie-HUYGHE.png\" \/>\n\t<meta property=\"og:image:width\" content=\"1931\" \/>\n\t<meta property=\"og:image:height\" content=\"307\" \/>\n\t<meta property=\"og:image:type\" content=\"image\/png\" \/>\n<meta name=\"twitter:card\" content=\"summary_large_image\" \/>\n<meta name=\"twitter:label1\" content=\"Dur\u00e9e de lecture estim\u00e9e\" \/>\n\t<meta name=\"twitter:data1\" content=\"4 minutes\" \/>\n<script type=\"application\/ld+json\" class=\"yoast-schema-graph\">{\"@context\":\"https:\/\/schema.org\",\"@graph\":[{\"@type\":\"WebPage\",\"@id\":\"https:\/\/valeriehuyghe.com\/?page_id=138\",\"url\":\"https:\/\/valeriehuyghe.com\/?page_id=138\",\"name\":\"Avis Val\u00e9rie Huyghe - Quelques avis et recommandations - Val\u00e9rie HUYGHE - Hypnoth\u00e9rapeute \u00e0 la Celle-saint-Cloud\",\"isPartOf\":{\"@id\":\"https:\/\/valeriehuyghe.com\/#website\"},\"primaryImageOfPage\":{\"@id\":\"https:\/\/valeriehuyghe.com\/?page_id=138#primaryimage\"},\"image\":{\"@id\":\"https:\/\/valeriehuyghe.com\/?page_id=138#primaryimage\"},\"thumbnailUrl\":\"http:\/\/valeriehuyghe.com\/wp-content\/uploads\/2024\/11\/visages-site-valerie-HUYGHE-1024x163.png\",\"datePublished\":\"2014-05-31T18:11:05+00:00\",\"dateModified\":\"2024-11-28T15:00:38+00:00\",\"description\":\"Avis Val\u00e9rie Huyghe - R\u00e9solution peurs, angoisses, traumatismes - Lib\u00e9ration \u00e9motionnelle - Th\u00e9rapies br\u00e8ves - EFT - EMDR - Hypnose\",\"breadcrumb\":{\"@id\":\"https:\/\/valeriehuyghe.com\/?page_id=138#breadcrumb\"},\"inLanguage\":\"fr-FR\",\"potentialAction\":[{\"@type\":\"ReadAction\",\"target\":[\"https:\/\/valeriehuyghe.com\/?page_id=138\"]}]},{\"@type\":\"ImageObject\",\"inLanguage\":\"fr-FR\",\"@id\":\"https:\/\/valeriehuyghe.com\/?page_id=138#primaryimage\",\"url\":\"https:\/\/valeriehuyghe.com\/wp-content\/uploads\/2024\/11\/visages-site-valerie-HUYGHE.png\",\"contentUrl\":\"https:\/\/valeriehuyghe.com\/wp-content\/uploads\/2024\/11\/visages-site-valerie-HUYGHE.png\",\"width\":1931,\"height\":307},{\"@type\":\"BreadcrumbList\",\"@id\":\"https:\/\/valeriehuyghe.com\/?page_id=138#breadcrumb\",\"itemListElement\":[{\"@type\":\"ListItem\",\"position\":1,\"name\":\"Accueil\",\"item\":\"https:\/\/valeriehuyghe.com\/\"},{\"@type\":\"ListItem\",\"position\":2,\"name\":\"Quelques avis et recommandations\"}]},{\"@type\":\"WebSite\",\"@id\":\"https:\/\/valeriehuyghe.com\/#website\",\"url\":\"https:\/\/valeriehuyghe.com\/\",\"name\":\"Val\u00e9rie HUYGHE\",\"description\":\"Sp\u00e9cialisation blessures \u00e9motionnelles et psychotraumatismes. Praticienne certifi\u00e9e en EMDR et EFT clinique\",\"alternateName\":\"Hypnoth\u00e9rapeute EMDR - EFT (blessures \u00e9motionnelles et traumatismes)\",\"potentialAction\":[{\"@type\":\"SearchAction\",\"target\":{\"@type\":\"EntryPoint\",\"urlTemplate\":\"https:\/\/valeriehuyghe.com\/?s={search_term_string}\"},\"query-input\":{\"@type\":\"PropertyValueSpecification\",\"valueRequired\":true,\"valueName\":\"search_term_string\"}}],\"inLanguage\":\"fr-FR\"}]}<\/script>\n<!-- \/ Yoast SEO plugin. -->","yoast_head_json":{"title":"Avis Val\u00e9rie Huyghe - Quelques avis et recommandations - Val\u00e9rie HUYGHE - Hypnoth\u00e9rapeute \u00e0 la Celle-saint-Cloud","description":"Avis Val\u00e9rie Huyghe - R\u00e9solution peurs, angoisses, traumatismes - Lib\u00e9ration \u00e9motionnelle - Th\u00e9rapies br\u00e8ves - EFT - EMDR - Hypnose","robots":{"index":"index","follow":"follow","max-snippet":"max-snippet:-1","max-image-preview":"max-image-preview:large","max-video-preview":"max-video-preview:-1"},"canonical":"https:\/\/valeriehuyghe.com\/?page_id=138","og_locale":"fr_FR","og_type":"article","og_title":"Avis Val\u00e9rie Huyghe - Quelques avis et recommandations - Val\u00e9rie HUYGHE - Hypnoth\u00e9rapeute \u00e0 la Celle-saint-Cloud","og_description":"Avis Val\u00e9rie Huyghe - R\u00e9solution peurs, angoisses, traumatismes - Lib\u00e9ration \u00e9motionnelle - Th\u00e9rapies br\u00e8ves - EFT - EMDR - Hypnose","og_url":"https:\/\/valeriehuyghe.com\/?page_id=138","og_site_name":"Val\u00e9rie HUYGHE - Hypnoth\u00e9rapeute \u00e0 la Celle-saint-Cloud","article_modified_time":"2024-11-28T15:00:38+00:00","og_image":[{"width":1931,"height":307,"url":"https:\/\/valeriehuyghe.com\/wp-content\/uploads\/2024\/11\/visages-site-valerie-HUYGHE.png","type":"image\/png"}],"twitter_card":"summary_large_image","twitter_misc":{"Dur\u00e9e de lecture estim\u00e9e":"4 minutes"},"schema":{"@context":"https:\/\/schema.org","@graph":[{"@type":"WebPage","@id":"https:\/\/valeriehuyghe.com\/?page_id=138","url":"https:\/\/valeriehuyghe.com\/?page_id=138","name":"Avis Val\u00e9rie Huyghe - Quelques avis et recommandations - Val\u00e9rie HUYGHE - Hypnoth\u00e9rapeute \u00e0 la Celle-saint-Cloud","isPartOf":{"@id":"https:\/\/valeriehuyghe.com\/#website"},"primaryImageOfPage":{"@id":"https:\/\/valeriehuyghe.com\/?page_id=138#primaryimage"},"image":{"@id":"https:\/\/valeriehuyghe.com\/?page_id=138#primaryimage"},"thumbnailUrl":"http:\/\/valeriehuyghe.com\/wp-content\/uploads\/2024\/11\/visages-site-valerie-HUYGHE-1024x163.png","datePublished":"2014-05-31T18:11:05+00:00","dateModified":"2024-11-28T15:00:38+00:00","description":"Avis Val\u00e9rie Huyghe - R\u00e9solution peurs, angoisses, traumatismes - Lib\u00e9ration \u00e9motionnelle - Th\u00e9rapies br\u00e8ves - EFT - EMDR - Hypnose","breadcrumb":{"@id":"https:\/\/valeriehuyghe.com\/?page_id=138#breadcrumb"},"inLanguage":"fr-FR","potentialAction":[{"@type":"ReadAction","target":["https:\/\/valeriehuyghe.com\/?page_id=138"]}]},{"@type":"ImageObject","inLanguage":"fr-FR","@id":"https:\/\/valeriehuyghe.com\/?page_id=138#primaryimage","url":"https:\/\/valeriehuyghe.com\/wp-content\/uploads\/2024\/11\/visages-site-valerie-HUYGHE.png","contentUrl":"https:\/\/valeriehuyghe.com\/wp-content\/uploads\/2024\/11\/visages-site-valerie-HUYGHE.png","width":1931,"height":307},{"@type":"BreadcrumbList","@id":"https:\/\/valeriehuyghe.com\/?page_id=138#breadcrumb","itemListElement":[{"@type":"ListItem","position":1,"name":"Accueil","item":"https:\/\/valeriehuyghe.com\/"},{"@type":"ListItem","position":2,"name":"Quelques avis et recommandations"}]},{"@type":"WebSite","@id":"https:\/\/valeriehuyghe.com\/#website","url":"https:\/\/valeriehuyghe.com\/","name":"Val\u00e9rie HUYGHE","description":"Sp\u00e9cialisation blessures \u00e9motionnelles et psychotraumatismes. Praticienne certifi\u00e9e en EMDR et EFT clinique","alternateName":"Hypnoth\u00e9rapeute EMDR - EFT (blessures \u00e9motionnelles et traumatismes)","potentialAction":[{"@type":"SearchAction","target":{"@type":"EntryPoint","urlTemplate":"https:\/\/valeriehuyghe.com\/?s={search_term_string}"},"query-input":{"@type":"PropertyValueSpecification","valueRequired":true,"valueName":"search_term_string"}}],"inLanguage":"fr-FR"}]}},"_links":{"self":[{"href":"https:\/\/valeriehuyghe.com\/index.php?rest_route=\/wp\/v2\/pages\/138","targetHints":{"allow":["GET"]}}],"collection":[{"href":"https:\/\/valeriehuyghe.com\/index.php?rest_route=\/wp\/v2\/pages"}],"about":[{"href":"https:\/\/valeriehuyghe.com\/index.php?rest_route=\/wp\/v2\/types\/page"}],"author":[{"embeddable":true,"href":"https:\/\/valeriehuyghe.com\/index.php?rest_route=\/wp\/v2\/users\/1"}],"replies":[{"embeddable":true,"href":"https:\/\/valeriehuyghe.com\/index.php?rest_route=%2Fwp%2Fv2%2Fcomments&post=138"}],"version-history":[{"count":13,"href":"https:\/\/valeriehuyghe.com\/index.php?rest_route=\/wp\/v2\/pages\/138\/revisions"}],"predecessor-version":[{"id":1012,"href":"https:\/\/valeriehuyghe.com\/index.php?rest_route=\/wp\/v2\/pages\/138\/revisions\/1012"}],"wp:attachment":[{"href":"https:\/\/valeriehuyghe.com\/index.php?rest_route=%2Fwp%2Fv2%2Fmedia&parent=138"}],"curies":[{"name":"wp","href":"https:\/\/api.w.org\/{rel}","templated":true}]}}